se 12) in base 15?
-667c
Convert -11113 (base 4) to base 10.
-343
-522 (base 11) to base 4
-21311
Convert 64 (base 10) to base 11.
59
Convert 5205 (base 7) to base 12.
1076
Convert 201 (base 8) to base 9.
153
Convert 1010100 (base 2) to base 6.
220
-3c16 (base 16) to base 2
-11110000010110
Convert -232311 (base 4) to base 8.
-5665
216 (base 13) to base 9
436
1101010001001 (base 2) to base 9
10277
What is 6502 (base 7) in base 12?
1401
-4746 (base 8) to base 14
-cd0
Convert -66d3 (base 14) to base 4.
-10112201
What is 10000111011 (base 2) in base 12?
763
-34d (base 14) to base 7
-1626
Convert -23412 (base 8) to base 10.
-9994
Convert b3 (base 13) to base 9.
172
Convert -113 (base 10) to base 7.
-221
Convert 10033 (base 4) to base 8.
417
What is -3232 (base 6) in base 13?
-44c
121031 (base 4) to base 7
4463
Convert ba (base 13) to base 9.
180
-720 (base 13) to base 15
-559
Convert 13110231 (base 4) to base 2.
111010100101101
-21171 (base 8) to base 9
-13085
What is 1110010110 (base 2) in base 14?
498
Convert 2208 (base 9) to base 3.
2020022
26 (base 15) to base 3
1100
What is 747 (base 10) in base 15?
34c
Convert -1002030 (base 4) to base 13.
-1c0b
What is 1100101000 (base 2) in base 12?
574
Convert -54bb (base 16) to base 12.
-10677
What is -31564 (base 8) in base 6?
-140552
What is 2a632 (base 12) in base 4?
32210012
What is 1652 (base 7) in base 11?
563
Convert 1afd (base 16) to base 13.
31b6
521 (base 6) to base 5
1233
Convert 100100101 (base 2) to base 14.
16d
660 (base 9) to base 2
1000011100
Convert -14d (base 16) to base 9.
-410
Convert 8128 (base 13) to base 9.
26344
What is -318b (base 13) in base 5?
-210000
What is -383 (base 16) in base 4?
-32003
50410 (base 6) to base 14
25b8
What is -1040230 (base 5) in base 10?
-18190
Convert -455455 (base 6) to base 2.
-1001011110111011
What is -1122100 (base 3) in base 8?
-2255
What is -29508 (base 11) in base 15?
-c619
-207 (base 10) to base 11
-179
Convert 1165 (base 7) to base 12.
307
What is 100101000010 (base 2) in base 8?
4502
What is -10256 (base 9) in base 2?
-1101001110110
What is -a7 (base 14) in base 4?
-2103
-710 (base 11) to base 14
-454
Convert -ba77 (base 12) to base 10.
-20539
What is 1456 (base 10) in base 13?
880
264a2 (base 11) to base 4
21033220
-3176 (base 8) to base 11
-1281
-99 (base 12) to base 9
-140
What is -136 (base 9) in base 8?
-162
Convert 7114 (base 9) to base 14.
1c73
What is 1403 (base 10) in base 7?
4043
Convert -121 (base 16) to base 12.
-201
-200211 (base 3) to base 16
-1fc
What is 499 (base 13) in base 8?
1442
1100322 (base 4) to base 15
1803
-512034 (base 6) to base 9
-61654
Convert 329c (base 13) to base 6.
52402
1441 (base 6) to base 15
1aa
117175 (base 8) to base 14
10b01
Convert 364 (base 7) to base 12.
141
Convert -376 (base 13) to base 16.
-25c
What is 1201200 (base 4) in base 12?
3740
3433 (base 5) to base 15
22d
365 (base 14) to base 4
22211
-434 (base 9) to base 16
-163
Convert -1055 (base 7) to base 15.
-1a8
76 (base 14) to base 13
80
-2010221 (base 4) to base 5
-232424
Convert -1044152 (base 6) to base 7.
-306566
1584 (base 13) to base 9
4280
Convert 385 (base 15) to base 5.
11200
-524 (base 9) to base 10
-427
3343 (base 9) to base 2
100110100101
What is 110201 (base 3) in base 9?
421
Convert -1422 (base 5) to base 7.
-456
Convert 12455 (base 6) to base 10.
1907
What is 3806 (base 9) in base 2?
101100011001
Convert -101230 (base 6) to base 9.
-12070
212023 (base 4) to base 14
c67
Convert 342 (base 5) to base 13.
76
What is -1241 (base 7) in base 8?
-726
Convert 13311 (base 4) to base 6.
2153
Convert -24 (base 16) to base 4.
-210
What is -3523 (base 7) in base 6?
-5551
-23130020 (base 4) to base 8
-133410
-1885 (base 11) to base 16
-958
-247 (base 13) to base 7
-1105
-10001111000000 (base 2) to base 16
-23c0
-6c (base 15) to base 8
-146
What is -10202110 (base 3) in base 7?
-10662
Convert 1131 (base 4) to base 2.
1011101
What is -35501 (base 9) in base 3?
-1012120001
Convert 281 (base 10) to base 13.
188
16661 (base 7) to base 3
20120122
Convert -121222200 (base 3) to base 5.
-344014
What is -12022 (base 7) in base 16?
-c1f
1110 (base 4) to base 15
59
What is 11111100 (base 2) in base 14?
140
Convert -3300030 (base 4) to base 6.
-155100
What is -11111 (base 5) in base 10?
-781
6265 (base 8) to base 13
1633
What is -5a3 (base 13) in base 6?
-4310
What is 3234 (base 5) in base 13?
282
Convert 111201 (base 4) to base 7.
4005
Convert -155521 (base 6) to base 4.
-3302221
Convert 134 (base 11) to base 8.
236
Convert -579 (base 14) to base 5.
-13322
-2311 (base 5) to base 6
-1311
Convert -2928 (base 10) to base 13.
-1443
-15cd (base 15) to base 3
-20102211
What is 3aa (base 16) in base 13?
572
Convert 44300 (base 7) to base 5.
323443
-104026 (base 8) to base 12
-181b2
Convert 150040 (base 6) to base 11.
a802
What is -3a17 (base 14) in base 9?
-15007
Convert 141 (base 12) to base 15.
cd
-3c28 (base 13) to base 6
-104021
What is -222020 (base 3) in base 5?
-10313
Convert 2b2 (base 13) to base 9.
586
-1415 (base 11) to base 14
-94b
-949a (base 12) to base 2
-11111101110110
1101001011001 (base 2) to base 7
25444
Convert -1659 (base 11) to base 13.
-c72
-5682 (base 16) to base 9
-33336
-1133033 (base 4) to base 15
-1c15
What is 1011201 (base 4) in base 15?
14b9
Convert -649 (base 11) to base 13.
-47c
Convert -100001110 (base 2) to base 10.
-270
What is 26955 (base 10) in base 12?
13723
Convert -1523 (base 8) to base 12.
-5ab
What is 112 (base 10) in base 14?
80
Convert a9 (base 12) to base 10.
129
3a9 (base 13) to base 2
1010000110
What is 804 (base 16) in base 14?
a68
-465 (base 8) to base 5
-2214
What is 5036 (base 7) in base 2?
11011001110
1233203 (base 4) to base 6
53015
What is 481 (base 13) in base 3?
1001221
-19a (base 14) to base 3
-110022
-1058 (base 14) to base 11
-2136
-7056 (base 8) to base 15
-1120
What is -1a3 (base 16) in base 8?
-643
-47a (base 11) to base 5
-4241
What is 24001 (base 7) in base 6?
44331
Convert 1100110010 (base 2) to base 6.
3442
What is -1111 (base 10) in base 13?
-676
Convert -2044 (base 5) to base 15.
-134
504 (base 12) to base 8
1324
Convert 40614 (base 12) to base 4.
110131300
What is 10602 (base 7) in base 5?
41242
Convert -2212123 (base 5) to base 11.
-26951
What is 903 (base 13) in base 2?
10111110100
Convert -1011111111 (base 2) to base 13.
-470
What is -3788 (base 10) in base 5?
-110123
-422 (base 11) to base 15
-23d
2aa66 (base 11) to base 9
66158
What is 917 (base 15) in base 3?
2210211
2873 (base 10) to base 9
3842
17245 (base 10) to base 5
1022440
-1001100010100 (base 2) to base 6
-34340
Convert 625 (base 7) to base 13.
1b1
Convert 3354 (base 6) to base 9.
1067
Convert -760 (base 11) to base 13.
-553
What is 2468 (base 10) in base 6?
15232
What is 1401 (base 7) in base 12?
390
What is -121120 (base 3) in base 2?
-110111111
-435 (base 9) to base 13
-215
2022001101 (base 3) to base 10
45235
What is -202011 (base 3) in base 12?
-394
What is b6d (base 14) in base 3?
10002110
1000101001 (base 2) to base 9
674
Convert 454 (base 6) to base 9.
217
What is -11101111011 (base 2) in base 16?
-77b
-98 (base 12) to base 6
-312
514052 (base 6) to base 5
2303242
Convert -1984 (base 16) to base 9.
-8857
461c (base 14) to base 9
17631
What is 44451 (base 6) in base 16?
184f
4a85 (base 12) to base 6
103045
What is 7073 (base 10) in base 13?
32b1
-1b47 (base 12) to base 6
-23331
What is -10102012 (base 3) in base 8?
-4671
-1011110111 (base 2) to base 14
-3c3
-7452 (base 12) to base 5
-401414
Convert ba6 (base 14) to base 5.
33202
What is -1369 (base 12) in base 15?
-9e6
Convert -3020 (base 8) to base 6.
-11104
Convert 6016 (base 7) to base 14.
a7d
1005 (base 12) to base 10
1733
What is -720 (base 9) in base 5?
-4320
-18a63 (base 11) to base 10
-26568
Convert -3511 (base 7) to base 10.
-1282
What is -1ffc (base 16) in base 14?
-2dac
What is 433 (base 5) in base 16?
76
Convert 13143 (base 12) to base 14.
9735
What is 35 (base 13) in base 12?
38
-94 (base 16) to base 13
-b5
Convert -136004 (base 7) to base 3.
-1022202122
What is 35366 (base 8) in base 2?
11101011110110
3331211 (base 4) to base 5
1004404
What is 11221 (base 5) in base 15?
391
11100003 (base 4) to base 8
52003
Convert 2212102 (base 3) to base 10.
2090
Convert 433 (